{"id":3,"date":"2022-02-11T16:49:45","date_gmt":"2022-02-11T15:49:45","guid":{"rendered":"https:\/\/begoodi.be\/protolione\/?page_id=3"},"modified":"2022-03-16T09:50:50","modified_gmt":"2022-03-16T08:50:50","slug":"politique-de-confidentialite","status":"publish","type":"page","link":"https:\/\/begoodi.be\/protolione\/politique-de-confidentialite\/","title":{"rendered":"Politique de confidentialit\u00e9"},"content":{"rendered":"\n<h2 class=\"wp-block-heading\">Qui sommes-nous&nbsp;?<\/h2>\n\n\n\n<p>L\u2019adresse de notre site Web est&nbsp;: https:\/\/begoodi.be\/protolione.<\/p>\n\n\n\n<h2 class=\"wp-block-heading\">Utilisation des donn\u00e9es personnelles collect\u00e9es<\/h2>\n\n\n\n<h3 class=\"wp-block-heading\">Commentaires<\/h3>\n\n\n\n<p>Aucun commentaire n&rsquo;est autoris\u00e9 sur notre site. De la sorte, vous ne nous communiquez pas d&rsquo;information personnelle.<\/p>\n\n\n\n<h3 class=\"wp-block-heading\">Formulaires de contact<\/h3>\n\n\n\n<p>Cela reste entre nous. Aucune donn\u00e9e n&rsquo;est transmise \u00e0 des tiers.<\/p>\n\n\n\n<h3 class=\"wp-block-heading\">Formulaires externes<\/h3>\n\n\n\n<p>Google form inclut ses propres cookies, mentions l\u00e9gales et r\u00e8gles de confidentialit\u00e9 dont nous ne pouvons \u00eatre tenus pour responsables, m\u00eame si vous y acc\u00e9dez depuis notre site.<\/p>\n\n\n\n<h3 class=\"wp-block-heading\">Cookies<\/h3>\n\n\n\n<p>Ultra simplistes car nous ne permettons pas aux visiteurs de s&rsquo;enregistrer sur notre site. Il n&rsquo;y a donc pas d&rsquo;\u00e9change de donn\u00e9es priv\u00e9es. Votre adresse IP peut toutefois \u00eatre enregistr\u00e9e dans les cookies afin de faciliter les statistiques de visites du site, sans pour autant vous g\u00e9olocaliser avec pr\u00e9cision.<\/p>\n\n\n\n<h3 class=\"wp-block-heading\">Contenu embarqu\u00e9 depuis d\u2019autres sites<\/h3>\n\n\n\n<p>Les articles de ce site peuvent inclure des contenus int\u00e9gr\u00e9s (par exemple des vid\u00e9os, images, articles\u2026). Le contenu int\u00e9gr\u00e9 depuis d\u2019autres sites se comporte de la m\u00eame mani\u00e8re que si le visiteur se rendait sur cet autre site.<\/p>\n\n\n\n<p>Ces sites web pourraient collecter des donn\u00e9es sur vous, utiliser des cookies, embarquer des outils de suivis tiers, suivre vos interactions avec ces contenus embarqu\u00e9s si vous disposez d\u2019un compte connect\u00e9 sur leur site web.<\/p>\n\n\n\n<h2 class=\"wp-block-heading\">H\u00e9bergement<\/h2>\n\n\n\n<p><strong>OVH<\/strong><br>2, rue Kellermann 59100 Roubaix, France | www.ovh.com<\/p>\n\n\n\n<h2 class=\"wp-block-heading\">Informations de contact<\/h2>\n\n\n\n<p>OliOne<br><a rel=\"noreferrer noopener\" href=\"mailto:mail@olione.be\" target=\"_blank\">mail@olione.be<\/a><br>Li\u00e8ge &#8211; Belgique<\/p>\n","protected":false},"excerpt":{"rendered":"<p>Qui sommes-nous&nbsp;? L\u2019adresse de notre site Web est&nbsp;: https:\/\/begoodi.be\/protolione. Utilisation des donn\u00e9es personnelles collect\u00e9es Commentaires Aucun commentaire n&rsquo;est autoris\u00e9 sur notre site. De la sorte, vous ne nous communiquez pas d&rsquo;information personnelle. Formulaires de contact Cela reste entre nous. Aucune donn\u00e9e n&rsquo;est transmise \u00e0 des tiers. Formulaires externes Google form inclut ses propres cookies, mentions l\u00e9gales et r\u00e8gles de confidentialit\u00e9 dont nous ne pouvons \u00eatre tenus pour responsables, m\u00eame si vous y acc\u00e9dez depuis notre site. Cookies Ultra simplistes car nous ne permettons pas aux visiteurs de s&rsquo;enregistrer sur notre site. Il n&rsquo;y a donc pas d&rsquo;\u00e9change de donn\u00e9es priv\u00e9es. Votre adresse IP peut toutefois \u00eatre enregistr\u00e9e dans les cookies afin de faciliter les statistiques de visites du site, sans pour autant vous g\u00e9olocaliser avec pr\u00e9cision. Contenu embarqu\u00e9 depuis d\u2019autres sites Les articles de ce site peuvent inclure des contenus int\u00e9gr\u00e9s (par exemple des vid\u00e9os, images, articles\u2026). Le contenu int\u00e9gr\u00e9 depuis d\u2019autres sites se comporte de la m\u00eame mani\u00e8re que si le visiteur se rendait sur cet autre site. Ces sites web pourraient collecter des donn\u00e9es sur vous, utiliser des cookies, embarquer des outils de suivis tiers, suivre vos interactions avec ces contenus embarqu\u00e9s si vous disposez d\u2019un compte connect\u00e9 sur leur site web. H\u00e9bergement OVH2, rue Kellermann 59100 Roubaix, France | www.ovh.com Informations de contact OliOnemail@olione.beLi\u00e8ge &#8211; Belgique<\/p>\n","protected":false},"author":1,"featured_media":0,"parent":0,"menu_order":0,"comment_status":"closed","ping_status":"open","template":"","meta":{"footnotes":""},"class_list":["post-3","page","type-page","status-publish","hentry"],"_links":{"self":[{"href":"https:\/\/begoodi.be\/protolione\/wp-json\/wp\/v2\/pages\/3","targetHints":{"allow":["GET"]}}],"collection":[{"href":"https:\/\/begoodi.be\/protolione\/wp-json\/wp\/v2\/pages"}],"about":[{"href":"https:\/\/begoodi.be\/protolione\/wp-json\/wp\/v2\/types\/page"}],"author":[{"embeddable":true,"href":"https:\/\/begoodi.be\/protolione\/wp-json\/wp\/v2\/users\/1"}],"replies":[{"embeddable":true,"href":"https:\/\/begoodi.be\/protolione\/wp-json\/wp\/v2\/comments?post=3"}],"version-history":[{"count":3,"href":"https:\/\/begoodi.be\/protolione\/wp-json\/wp\/v2\/pages\/3\/revisions"}],"predecessor-version":[{"id":167,"href":"https:\/\/begoodi.be\/protolione\/wp-json\/wp\/v2\/pages\/3\/revisions\/167"}],"wp:attachment":[{"href":"https:\/\/begoodi.be\/protolione\/wp-json\/wp\/v2\/media?parent=3"}],"curies":[{"name":"wp","href":"https:\/\/api.w.org\/{rel}","templated":true}]}}